rs of 2169.
3, 241
What are the prime factors of 2252?
2, 563
List the prime factors of 20984.
2, 43, 61
What are the prime factors of 10897?
17, 641
List the prime factors of 65130.
2, 3, 5, 13, 167
List the prime factors of 9874.
2, 4937
List the prime factors of 52278.
2, 3, 8713
List the prime factors of 18499.
13, 1423
List the prime factors of 117.
3, 13
List the prime factors of 26451.
3, 2939
What are the prime factors of 9379?
83, 113
What are the prime factors of 13358?
2, 6679
What are the prime factors of 13408?
2, 419
What are the prime factors of 591?
3, 197
List the prime factors of 5620.
2, 5, 281
What are the prime factors of 89489?
109, 821
What are the prime factors of 686?
2, 7
What are the prime factors of 11262?
2, 3, 1877
List the prime factors of 40142.
2, 20071
List the prime factors of 75.
3, 5
What are the prime factors of 21026?
2, 10513
List the prime factors of 892.
2, 223
What are the prime factors of 2139?
3, 23, 31
List the prime factors of 253.
11, 23
What are the prime factors of 946?
2, 11, 43
What are the prime factors of 45282?
2, 3, 7547
What are the prime factors of 2276?
2, 569
What are the prime factors of 19813?
19813
What are the prime factors of 7519?
73, 103
List the prime factors of 17270.
2, 5, 11, 157
List the prime factors of 4974.
2, 3, 829
What are the prime factors of 20553?
3, 13, 17, 31
What are the prime factors of 11740?
2, 5, 587
What are the prime factors of 1261?
13, 97
List the prime factors of 1523.
1523
List the prime factors of 7774.
2, 13, 23
List the prime factors of 15614.
2, 37, 211
List the prime factors of 1118.
2, 13, 43
What are the prime factors of 105030?
2, 3, 5, 389
List the prime factors of 5961.
3, 1987
What are the prime factors of 5013?
3, 557
What are the prime factors of 1376?
2, 43
List the prime factors of 4619.
31, 149
List the prime factors of 203414.
2, 19, 53, 101
What are the prime factors of 305?
5, 61
What are the prime factors of 6288?
2, 3, 131
List the prime factors of 930.
2, 3, 5, 31
What are the prime factors of 8040?
2, 3, 5, 67
What are the prime factors of 12?
2, 3
List the prime factors of 591.
3, 197
What are the prime factors of 1278?
2, 3, 71
List the prime factors of 303.
3, 101
What are the prime factors of 1675?
5, 67
What are the prime factors of 587?
587
What are the prime factors of 552?
2, 3, 23
List the prime factors of 55586.
2, 27793
List the prime factors of 35444.
2, 8861
List the prime factors of 32435.
5, 13, 499
What are the prime factors of 1858?
2, 929
List the prime factors of 49202.
2, 73, 337
What are the prime factors of 2042?
2, 1021
List the prime factors of 10.
2, 5
List the prime factors of 21826.
2, 7, 1559
What are the prime factors of 1303?
1303
What are the prime factors of 48768?
2, 3, 127
What are the prime factors of 652?
2, 163
List the prime factors of 47751.
3, 11, 1447
What are the prime factors of 2001?
3, 23, 29
What are the prime factors of 102295?
5, 41, 499
What are the prime factors of 1159?
19, 61
What are the prime factors of 33177?
3, 11059
List the prime factors of 12469.
37, 337
List the prime factors of 4014.
2, 3, 223
What are the prime factors of 47850?
2, 3, 5, 11, 29
List the prime factors of 4405.
5, 881
What are the prime factors of 1066?
2, 13, 41
What are the prime factors of 106314?
2, 3, 13, 29, 47
What are the prime factors of 17738?
2, 7, 181
What are the prime factors of 1536?
2, 3
What are the prime factors of 688?
2, 43
What are the prime factors of 1822?
2, 911
What are the prime factors of 111414?
2, 3, 31, 599
What are the prime factors of 68?
2, 17
What are the prime factors of 1258?
2, 17, 37
What are the prime factors of 964?
2, 241
List the prime factors of 85823.
19, 4517
List the prime factors of 9262.
2, 11, 421
What are the prime factors of 14420?
2, 5, 7, 103
What are the prime factors of 37737?
3, 7, 599
List the prime factors of 34721.
34721
What are the prime factors of 22226?
2, 11113
List the prime factors of 125.
5
What are the prime factors of 14308?
2, 7, 73
What are the prime factors of 8316?
2, 3, 7, 11
List the prime factors of 3389.
3389
List the prime factors of 14233.
43, 331
List the prime factors of 81246.
2, 3, 11, 1231
What are the prime factors of 1223?
1223
List the prime factors of 532.
2, 7, 19
List the prime factors of 12811.
23, 557
What are the prime factors of 27846?
2, 3, 7, 13, 17
List the prime factors of 1972.
2, 17, 29
What are the prime factors of 13053?
3, 19, 229
What are the prime factors of 12126?
2, 3, 43, 47
What are the prime factors of 23124?
2, 3, 41, 47
What are the prime factors of 19776?
2, 3, 103
What are the prime factors of 590?
2, 5, 59
List the prime factors of 1526.
2, 7, 109
What are the prime factors of 1965?
3, 5, 131
List the prime factors of 4127.
4127
List the prime factors of 7824.
2, 3, 163
What are the prime factors of 133234?
2, 66617
What are the prime factors of 6196?
2, 1549
List the prime factors of 802.
2, 401
List the prime factors of 19241.
71, 271
What are the prime factors of 4221?
3, 7, 67
List the prime factors of 1024.
2
List the prime factors of 2929.
29, 101
What are the prime factors of 43403?
43403
List the prime factors of 2885.
5, 577
What are the prime factors of 23378?
2, 11689
List the prime factors of 14549.
14549
List the prime factors of 10295.
5, 29, 71
What are the prime factors of 139?
139
What are the prime factors of 45078?
2, 3, 11, 683
List the prime factors of 3495.
3, 5, 233
List the prime factors of 2858.
2, 1429
What are the prime factors of 71633?
71633
List the prime factors of 750.
2, 3, 5
What are the prime factors of 5487?
3, 31, 59
List the prime factors of 3769.
3769
List the prime factors of 3703.
7, 23
What are the prime factors of 15721?
79, 199
What are the prime factors of 1184?
2, 37
What are the prime factors of 940?
2, 5, 47
List the prime factors of 5732.
2, 1433
What are the prime factors of 17998?
2, 8999
What are the prime factors of 951?
3, 317
List the prime factors of 28532.
2, 7, 1019
What are the prime factors of 918?
2, 3, 17
List the prime factors of 2241.
3, 83
What are the prime factors of 144324?
2, 3, 19, 211
List the prime factors of 11218.
2, 71, 79
List the prime factors of 9634.
2, 4817
List the prime factors of 143.
11, 13
What are the prime factors of 344?
2, 43
List the prime factors of 8470.
2, 5, 7, 11
List the prime factors of 11724.
2, 3, 977
List the prime factors of 1934.
2, 967
What are the prime factors of 59264?
2, 463
List the prime factors of 4159.
4159
List the prime factors of 23883.
3, 19, 419
List the prime factors of 2347.
2347
What are the prime factors of 100825?
5, 37, 109
List the prime factors of 2990.
2, 5, 13, 23
List the prime factors of 3394.
2, 1697
What are the prime factors of 279?
3, 31
What are the prime factors of 25415?
5, 13, 17, 23
List the prime factors of 1670.
2, 5, 167
What are the prime factors of 33157?
71, 467
List the prime factors of 2145.
3, 5, 11, 13
What are the prime factors of 11686?
2, 5843
List the prime factors of 911.
911
What are the prime factors of 1488?
2, 3, 31
List the prime factors of 13704.
2, 3, 571
List the prime factors of 19332.
2, 3, 179
List the prime factors of 14848.
2, 29
List the prime factors of 10189.
23, 443
What are the prime factors of 122?
2, 61
What are the prime factors of 8285?
5, 1657
List the prime factors of 1169.
7, 167
What are the prime factors of 3057?
3, 1019
List the prime factors of 1319.
1319
List the prime factors of 756.
2, 3, 7
What are the prime factors of 50238?
2, 3, 2791
What are the prime factors of 7909?
11, 719
List the prime factors of 62774.
2, 31387
What are the prime factors of 4734?
2, 3, 263
What are the prime factors of 48326?
2, 73, 331
List the prime factors of 1272.
2, 3, 53
What are the prime factors of 20213?
17, 29, 41
What are the prime factors of 1330?
2, 5, 7, 19
What are the prime factors of 1831?
1831
What are the prime factors of 32759?
17, 41, 47
List the prime factors of 185717.
7, 43, 617
What are the prime factors of 1210?
2, 5, 11
List the prime factors of 7.
7
List the prime factors of 62319.
3, 20773
What are the prime factors of 9718?
2, 43, 113
What are the prime factors of 512?
2
List the prime factors of 2